061?
6
What is the millions digit of 55024010?
5
What is the hundreds digit of 19067014?
0
What is the millions digit of 93841056?
3
What is the ten millions digit of 2124571194?
2
What is the hundred millions digit of 195368126?
1
What is the hundred millions digit of 245575043?
2
What is the thousands digit of 908855?
8
What is the tens digit of 858477486?
8
What is the ten thousands digit of 81795380?
9
What is the ten thousands digit of 298589462?
8
What is the hundred thousands digit of 54323485?
3
What is the ten thousands digit of 596839798?
3
What is the hundreds digit of 8583838?
8
What is the ten millions digit of 948807204?
4
What is the hundred millions digit of 752087227?
7
What is the units digit of 5106258607?
7
What is the thousands digit of 1936454707?
4
What is the millions digit of 1386229846?
6
What is the ten millions digit of 966402915?
6
What is the hundred thousands digit of 213353944?
3
What is the ten thousands digit of 7845954?
4
What is the hundreds digit of 163454002?
0
What is the ten millions digit of 85108552?
8
What is the thousands digit of 438929294?
9
What is the units digit of 6438443869?
9
What is the thousands digit of 777195016?
5
What is the hundred millions digit of 202495510?
2
What is the millions digit of 54010549?
4
What is the ten thousands digit of 491074332?
7
What is the units digit of 51132153?
3
What is the thousands digit of 362898054?
8
What is the ten thousands digit of 54218298?
1
What is the hundreds digit of 3398803491?
4
What is the ten millions digit of 120868705?
2
What is the hundreds digit of 2850358030?
0
What is the ten thousands digit of 46624401?
2
What is the units digit of 1918208184?
4
What is the ten millions digit of 294060163?
9
What is the hundreds digit of 3817976259?
2
What is the units digit of 119652214?
4
What is the thousands digit of 555770528?
0
What is the ten millions digit of 70985758?
7
What is the ten millions digit of 42199138?
4
What is the thousands digit of 391429465?
9
What is the units digit of 469733462?
2
What is the hundreds digit of 418764971?
9
What is the units digit of 91620676?
6
What is the hundred millions digit of 3769420217?
7
What is the hundred thousands digit of 50417199?
4
What is the ten millions digit of 26572058?
2
What is the hundreds digit of 30814267?
2
What is the thousands digit of 856084669?
4
What is the thousands digit of 204634991?
4
What is the billions digit of 1663339283?
1
What is the tens digit of 2201208509?
0
What is the thousands digit of 54298696?
8
What is the tens digit of 617289189?
8
What is the ten thousands digit of 5290306751?
0
What is the millions digit of 25497032?
5
What is the ten millions digit of 58856758?
5
What is the tens digit of 586081268?
6
What is the hundred millions digit of 2099915715?
0
What is the units digit of 289711056?
6
What is the millions digit of 1382353789?
2
What is the hundred millions digit of 2458341054?
4
What is the hundred thousands digit of 1453479122?
4
What is the tens digit of 25182531?
3
What is the hundreds digit of 4573725?
7
What is the ten millions digit of 2875994107?
7
What is the units digit of 465018731?
1
What is the tens digit of 581566000?
0
What is the hundreds digit of 12682247?
2
What is the tens digit of 693203092?
9
What is the ten millions digit of 384818636?
8
What is the millions digit of 34622919?
4
What is the ten thousands digit of 27691495?
9
What is the millions digit of 140716631?
0
What is the ten thousands digit of 261553377?
5
What is the hundred millions digit of 123652216?
1
What is the units digit of 58421470?
0
What is the ten thousands digit of 2394364195?
6
What is the ten thousands digit of 113671416?
7
What is the millions digit of 2827927364?
7
What is the billions digit of 1047437473?
1
What is the ten millions digit of 125701321?
2
What is the ten thousands digit of 8660213?
6
What is the hundred thousands digit of 157485086?
4
What is the hundred thousands digit of 126102409?
1
What is the hundred thousands digit of 5066527871?
5
What is the hundred millions digit of 508681407?
5
What is the hundreds digit of 198680110?
1
What is the ten thousands digit of 1549941630?
4
What is the hundred thousands digit of 56276144?
2
What is the units digit of 99591707?
7
What is the hundreds digit of 1411104?
1
What is the tens digit of 7350717653?
5
What is the ten thousands digit of 86301124?
0
What is the tens digit of 9257241?
4
What is the hundred thousands digit of 1982876997?
8
What is the thousands digit of 913431441?
1
What is the units digit of 3324843833?
3
What is the ten thousands digit of 45781935?
8
What is the units digit of 296596255?
5
What is the thousands digit of 1336895507?
5
What is the tens digit of 2430636?
3
What is the ten thousands digit of 2349831038?
3
What is the hundred millions digit of 551305728?
5
What is the tens digit of 1679263813?
1
What is the hundreds digit of 116466313?
3
What is the hundred thousands digit of 472615035?
6
What is the thousands digit of 17160959?
0
What is the billions digit of 4368264853?
4
What is the ten millions digit of 1920015345?
2
What is the units digit of 43528309?
9
What is the hundreds digit of 62075537?
5
What is the ten thousands digit of 57122375?
2
What is the units digit of 131667093?
3
What is the hundred thousands digit of 124600280?
6
What is the hundred millions digit of 7871907780?
8
What is the units digit of 20045044?
4
What is the thousands digit of 2037504303?
4
What is the hundreds digit of 11653719?
7
What is the thousands digit of 555513378?
3
What is the hundred thousands digit of 793681197?
6
What is the millions digit of 807300672?
7
What is the thousands digit of 51284813?
4
What is the ten millions digit of 155873781?
5
What is the thousands digit of 22394146?
4
What is the thousands digit of 44611522?
1
What is the ten millions digit of 81259821?
8
What is the millions digit of 1070632433?
0
What is the hundred thousands digit of 664268911?
2
What is the hundred millions digit of 567534381?
5
What is the thousands digit of 96149866?
9
What is the tens digit of 241776234?
3
What is the ten millions digit of 2110491172?
1
What is the millions digit of 67488725?
7
What is the hundred millions digit of 120003941?
1
What is the hundreds digit of 12996803?
8
What is the units digit of 73334585?
5
What is the units digit of 27305989?
9
What is the ten thousands digit of 31801744?
0
What is the hundred thousands digit of 1423067951?
0
What is the millions digit of 1580584103?
0
What is the ten thousands digit of 50168572?
6
What is the thousands digit of 2331120242?
0
What is the ten millions digit of 56744123?
5
What is the ten millions digit of 1059469071?
5
What is the hundred thousands digit of 1315913202?
9
What is the hundred millions digit of 684947728?
6
What is the ten thousands digit of 1139451435?
5
What is the ten millions digit of 95130947?
9
What is the ten thousands digit of 21314649?
1
What is the units digit of 3249700751?
1
What is the hundreds digit of 106401492?
4
What is the units digit of 186083643?
3
What is the millions digit of 633575471?
3
What is the ten millions digit of 1962694660?
6
What is the ten millions digit of 169454065?
6
What is the units digit of 1263697660?
0
What is the millions digit of 1852301252?
2
What is the billions digit of 1785394115?
1
What is the millions digit of 3914133182?
4
What is the units digit of 2423638072?
2
What is the ten thousands digit of 172133732?
3
What is the tens digit of 4943232?
3
What is the ten thousands digit of 93935807?
3
What is the tens digit of 2221154985?
8
What is the hundred millions digit of 5569874158?
5
What is the ten thousands digit of 63635974?
3
What is the hundred thousands digit of 217271674?
2
What is the hundred thousands digit of 100325369?
3
What is the units digit of 969599616?
6
What is the ten millions digit of 34661799?
3
What is the units digit of 26289574?
4
What is the units digit of 789460033?
3
What is the hundred thousands digit of 47860558?
8
What is the ten millions digit of 1284938180?
8
What is the units digit of 49822976?
6
What is the tens digit of 1616345452?
5
What is the ten thousands digit of 31510619?
1
What is the ten thousands digit of 1